 be the second derivative of 3/4*n**4 + 0 - 7/2*n**2 + 11*n + 2/3*n**3. List the prime factors of c(2).
37
Let q(h) = -h**3 + 7*h + 10. Let u be (2/(-4))/(0 - (-2)/24). List the prime factors of q(u).
2, 23
Suppose -p - 3*p - 432 = 0. Let d = -52 - p. What are the prime factors of d?
2, 7
Suppose 0 = 509*o - 504*o - 1245. List the prime factors of o.
3, 83
Let d(t) = 52*t**2 - 1. Suppose 0 = 2*x, 1 = -j - x + 6. Suppose -2*n + 0 = 3*p - 10, -3*n + j*p - 23 = 0. List the prime factors of d(n).
3, 17
Suppose 12*m - 324 = -6*m. List the prime factors of m.
2, 3
Let t(a) = -a**2 - 9*a + 2. Let z be t(-9). Let r be 32/2 + (-2)/z. Suppose 0 = -s + 2*s - r. List the prime factors of s.
3, 5
Suppose 3*c - 34 = 5. What are the prime factors of c/((-13)/(-42)) + -2?
2, 5
Let s(k) = -k**2 + 7*k + 3. Let f be s(6). Suppose -n + 3*a = -f, -4*n + a = -6*n - 17. Let o(w) = w**3 + 5*w**2 - 10*w - 8. List the prime factors of o(n).
2
Suppose 2*x - 10 = 0, 5*n - x = -4 + 9. Suppose y + 5 = -3*h - 3, -3*h - 50 = -5*y. Suppose u + 5*d - y = -0*u, -n*d = 8. List the prime factors of u.
3
Suppose -i + 5 = -7. Let z = i - 11. List the prime factors of 0/(-2) + 16/z.
2
Let g(o) = -55*o + 3. Let d be g(-2). Let h(l) = 12*l + 41. Let j be h(-8). Let k = d + j. List the prime factors of k.
2, 29
Suppose -2*f + 216 + 382 = 0. List the prime factors of f.
13, 23
Let b(t) = t**2 + t - 9. Let v be (-42)/35*-10*(-2)/(-6). What are the prime factors of b(v)?
11
Suppose 60 = 4*h + h. Let i = -10 + 10. Suppose k = -i*k + h. What are the prime factors of k?
2, 3
Let g(a) = 289*a**2 - 1. List the prime factors of g(1).
2, 3
Suppose -16*t + 25*t = 4689. What are the prime factors of t?
521
Let v be (-1 + -2)/((-5)/35). Let s be (-132)/v - (-2)/7. List the prime factors of (-386)/(-6) + s/18.
2
Let w = 28 + -309. List the prime factors of w/(-2) + (-57)/38.
139
Let r = -21 + 6. List the prime factors of 1/(2 - r/(-9)).
3
Let o(h) = -2*h - 19. Let w be o(-14). Let a(z) = -z**3 + 10*z**2 - 9*z + 4. Let f be a(w). List the prime factors of 7/(7/f) + 3.
7
Let x(v) = v + 8. Let j be x(-5). Suppose -5*d = 25, 2*t - 175 = -j*d + 6*d. List the prime factors of t.
2, 5
Let z(o) = -o + 4*o + 53 - 11. What are the prime factors of z(-12)?
2, 3
Let b = -9 + 12. Let h be (-10 - -13)/(b/(-20)). Let y = h - -40. List the prime factors of y.
2, 5
List the prime factors of 12354/10 + (-14)/10.
2, 617
Let c = -11 - -415. What are the prime factors of c?
2, 101
Let a be (-5*(-1)/4)/((-1)/(-4)). Suppose 0 = -3*p + 3, a*p = t + p - 115. What are the prime factors of t?
7, 17
Let q be (-468)/16 + 4/(48/(-9)). Suppose 4*m - 529 = 4*b - 157, 201 = -2*b + 5*m. List the prime factors of q/(-75) + b/(-5).
2, 3
What are the prime factors of (15 - 10 - 14)/((-1)/307)?
3, 307
Suppose 0 = -l + 4*y + 1, -4*l + 34 = -5*y + 8. Let x = 7 + l. Let o = x - -16. List the prime factors of o.
2
Let i(t) be the third derivative of -8*t**2 + 0*t + 0 + 37/6*t**3 + 1/24*t**4. List the prime factors of i(-11).
2, 13
Suppose 0 = -337*l + 339*l - 4. Suppose -z = -l*w - 88 + 22, -z = -3*w - 68. What are the prime factors of z?
2, 31
Let a = 2148 - 651. List the prime factors of a.
3, 499
Let s be ((-121)/33)/((-1)/(-3)). Let r = s - -26. What are the prime factors of r?
3, 5
Let l(g) = g**2 + 9*g - 101. List the prime factors of l(-23).
13, 17
Let m = 169 - 50. List the prime factors of m.
7, 17
Suppose -x - 5*v + 79 = 0, -450 = -5*x + v + 49. Suppose -x = -2*n - 13. List the prime factors of n.
43
Let w be (29 - 0)/(-2 - (-9)/4). Let i = -69 + w. What are the prime factors of i?
47
Suppose -4*r = 5*m - 23 - 1801, 0 = -5*r - 4*m + 2280. List the prime factors of r.
2, 3, 19
Let b be 3 - -14*(-2)/4. What are the prime factors of (1 - -5)*(-2)/b?
3
Let o = 97 + -95. Suppose g - a = 96, -a = -2*a - o. What are the prime factors of g?
2, 47
Suppose -2 = 3*y - 8. Suppose 15 - 3 = 3*a. Suppose -x + y*x = a. List the prime factors of x.
2
Suppose -16*h + 7381 - 581 = 0. What are the prime factors of h?
5, 17
Suppose -13*n + 22*n - 24723 = 0. List the prime factors of n.
41, 67
Let f = -160 + 372. Suppose 268 = 3*k - f. Suppose -4*l + 0*l = -k. What are the prime factors of l?
2, 5
Let u(q) be the second derivative of -q**5/5 - q**4/6 - 2*q**3/3 - 7*q**2/2 - 9*q. List the prime factors of u(-3).
5, 19
Let h(c) = -24*c - 7 + 0 + 1 + 2. Let p be h(-3). Suppose -125 = -6*w + w + 5*b, -2*w = 4*b - p. What are the prime factors of w?
2, 7
Suppose -893 = -b - l, -4*b + 25*l = 28*l - 3570. What are the prime factors of b?
3, 11
Let f(v) be the second derivative of -v**3/3 + v**2 - 2*v. Let x = 20 - 28. List the prime factors of f(x).
2, 3
Let r(l) = 2*l**2 - 47*l + 344. What are the prime factors of r(48)?
2, 337
Let j = 14 - -95. Suppose 6*n - 1067 - j = 0. Suppose 0 = -7*i + n + 182. List the prime factors of i.
2, 3
Let r(s) = s**2 - 3*s + 95. What are the prime factors of r(27)?
743
Let r(b) = 34*b**2 - 1. Let w be r(-1). Let u = w - -14. What are the prime factors of u?
47
Let l(j) = 0 - 4 - 4*j - 2*j + 7*j. Let f be l(8). Let g = 2 + f. List the prime factors of g.
2, 3
Let v be ((-2)/(-7))/(10/140). Suppose v*f + 20 = 0, -2*m + 96 = f - 155. List the prime factors of m.
2
Let m(a) = 2*a - 15. Let f be m(7). What are the prime factors of (-34)/(-255) + f/(15/(-1618))?
2, 3
Suppose x + 74 = 329. What are the prime factors of x?
3, 5, 17
Suppose 5*u - 3261 = 2*v - 6*v, -4*u = 3*v - 2608. List the prime factors of u.
11, 59
Let q be 21 + (-1 - 1 - 2). Let b = q - -1. What are the prime factors of b?
2, 3
Let c be (-3)/(2*12/(-16)). Let x(o) = o**c + o - 9 + 0*o**2 - 3. What are the prime factors of x(-6)?
2, 3
Let w = 21 + -9. Suppose -3*v - 6 = -4*v + 4*o, -4*v = -4*o - w. Suppose 0 = -c - 3*g + 39, v*c - c = 4*g + 46. List the prime factors of c.
2, 3, 7
Let d = -6 + 6. Suppose f + 5 = 5*o, d = -5*f - 3*o + 2*o + 53. Suppose 2*n = -0*n + f. List the prime factors of n.
5
Let l be 636/(-54) - (-4)/(-18). Let c(q) = 4*q**2 + 12*q + 6. Let a(b) = 3*b**2 + 11*b + 5. Let x(h) = 3*a(h) - 2*c(h). List the prime factors of x(l).
3, 13
Suppose 2*k = k + 2. Suppose 0 = k*c - 6*c + 700. List the prime factors of c.
5, 7
Let s be 2/((-16)/(-12))*2. List the prime factors of s - 1/(-1) - -27.
31
Let a be 18/2*(3 - 2). Let h = 84 - a. Suppose -i - h = -6*i. List the prime factors of i.
3, 5
What are the prime factors of (179/(-4))/(7/(-28))?
179
Let o = -25 + 56. Let w = o + -23. Let g(h) = -h**3 + 7*h**2 + 9*h + 10. List the prime factors of g(w).
2, 3
Let s(d) = 5*d**3 + d - 1. Let w be s(1). Suppose 0 = 2*p - w*v + 18, 12 = -p + 7*v - 3*v. List the prime factors of 1 + (p - -3) - -45.
3, 5
Let i be 18/(-6) + 6/1. Suppose -45 = -i*c + 2*y, -5*c + 0*y - 4*y + 97 = 0. Suppose -25 = -b + c. What are the prime factors of b?
2, 3, 7
Suppose -3*h - 29 = 13. Let r = h + 10. What are the prime factors of ((-2 - r)*-2)/(-2)?
2
Suppose -5*g = -5*x - 2*g + 419, 0 = 3*x - 2*g - 251. Suppose 0 = 2*h + 8*j - 3*j - x, j = -5*h + 201. List the prime factors of h.
2, 5
Suppose q - 6*q + 15 = 0. Suppose -4*j = -q*j - 5. Suppose -2*y = 3*h + y - 21, -h + 13 = -j*y. What are the prime factors of h?
2
Suppose 629 = -2*g + 891. List the prime factors of g.
131
Suppose 2*k + 0*b + 3*b + 16 = 0, -4*k + 2*b - 64 = 0. Let y = k + 17. Let f(q) = 21*q - 3. What are the prime factors of f(y)?
2, 3, 5
Let c(z) = -7*z - 2. Suppose j = -4, 4*k = k + 3*j + 9. List the prime factors of c(k).
5
Let m = -244 + 303. List the prime factors of m.
59
Let h be (-3 + 0)*(-2 - 32/(-12)). What are the prime factors of 72/(-20)*((-86)/3 - h)?
2, 3
Let p be (-346)/14 - (-10)/(-35). Let l = p + 157. Suppose -4*t + l = 2*t. What are the prime factors of t?
2, 11
Let f(n) = 2*n**2 - 6*n + 4. Let z = -32 + 43. What are the prime factors of f(z)?
2, 3, 5
Suppose 0 = 3*b - 2*b - 4*g + 21, 7 = -2*b + g. Let s be (6 - 2/b) + -4. Suppose 0 = -5*p - 4*l + 141, -119 = -s*p + 2*l + l. List the prime factors of p.
29
Suppose 0 = -5*n - 498 + 168. List the prime factors of 2/(-12) + (-2981)/n.
3, 5
Suppose 5*m = 3*a + 2615, -4*m + 4*a = -0*a - 2100. Suppose 0*i + m = 4*i. Suppose y = p - 44, -2*y = 3*p - 3*y - i. What are the prime factors of p?
43
Suppose 4*j = -0*j + 988. What are the prime factors of 